6
Calculate the highest common factor of 1145520 and 13631.
43
Calculate the greatest common factor of 124189 and 4069.
13
What is the highest common factor of 215490 and 1755?
15
What is the greatest common divisor of 653725375 and 375?
125
What is the greatest common factor of 444 and 5648827?
37
Calculate the highest common divisor of 320 and 136004320.
160
Calculate the greatest common divisor of 40719 and 21168.
147
Calculate the greatest common factor of 119161 and 837062.
587
Calculate the highest common divisor of 2082 and 1578450603.
1041
What is the greatest common divisor of 43170940 and 20?
20
Calculate the greatest common divisor of 284715 and 5529.
57
What is the highest common factor of 149357 and 3029?
13
What is the greatest common factor of 29458 and 441518?
22
Calculate the highest common factor of 37 and 140318134.
37
Calculate the greatest common divisor of 141187 and 2491113.
2393
Calculate the highest common divisor of 26321627 and 17.
17
Calculate the highest common factor of 3424 and 354705.
107
Calculate the greatest common factor of 42680 and 32945.
55
Calculate the highest common divisor of 483 and 583608417.
483
What is the highest common divisor of 24122016 and 1728?
864
Calculate the greatest common factor of 638 and 1214839.
29
What is the greatest common divisor of 606234 and 125373?
1587
What is the highest common factor of 1961700 and 525?
75
Calculate the greatest common divisor of 3988 and 2280525836.
3988
What is the greatest common factor of 51303 and 483?
21
Calculate the highest common divisor of 6613381 and 2.
1
What is the greatest common divisor of 869310508 and 1154?
1154
Calculate the highest common divisor of 14763 and 11694747.
57
Calculate the highest common divisor of 524 and 60959540.
524
What is the highest common divisor of 6490267 and 779?
19
Calculate the highest common divisor of 96474729 and 78.
39
Calculate the highest common divisor of 5022702 and 558.
18
Calculate the greatest common divisor of 51450 and 49871514.
2058
What is the highest common divisor of 51300 and 70870?
190
Calculate the greatest common factor of 2920 and 435903440.
2920
What is the highest common factor of 1078 and 421894?
22
What is the greatest common factor of 279 and 26180337?
93
What is the highest common factor of 772 and 71966033?
193
Calculate the highest common divisor of 48178326 and 420.
42
What is the highest common divisor of 98640304 and 48?
16
What is the greatest common divisor of 120 and 133905080?
40
Calculate the highest common divisor of 1179 and 6791302.
131
Calculate the greatest common factor of 1522596 and 35216.
124
What is the greatest common divisor of 6 and 2900132916?
6
What is the highest common factor of 22407 and 21567?
21
What is the highest common divisor of 94201 and 1023?
1
Calculate the highest common factor of 72542265 and 30.
15
Calculate the highest common divisor of 4537023 and 12483.
219
Calculate the highest common divisor of 50434984 and 3682.
526
What is the highest common factor of 32730098 and 386?
386
What is the highest common factor of 1305554253 and 131?
131
What is the greatest common factor of 1046420 and 640?
20
What is the highest common divisor of 186 and 156225027?
93
What is the highest common divisor of 1592 and 8973507?
199
Calculate the highest common factor of 73312 and 8992175.
2291
What is the greatest common factor of 189126 and 1593340?
266
What is the highest common factor of 10701456 and 32?
16
Calculate the greatest common factor of 13407029 and 6722.
3361
Calculate the highest common divisor of 125136 and 3834864.
1584
Calculate the greatest common divisor of 22140 and 618075.
1845
What is the highest common divisor of 26422 and 28425268?
2402
What is the greatest common divisor of 20689 and 3182455?
1217
What is the greatest common divisor of 13122 and 767124?
54
What is the greatest common divisor of 13856508 and 2268?
324
Calculate the greatest common factor of 2690 and 592940.
10
Calculate the highest common divisor of 1027100 and 1200.
100
What is the greatest common factor of 256 and 26012544?
128
Calculate the greatest common divisor of 142902 and 38250.
306
What is the greatest common factor of 20513 and 3523418?
73
Calculate the greatest common factor of 2593499 and 58.
29
Calculate the highest common divisor of 3276742358 and 398.
398
What is the highest common divisor of 13830 and 35675868?
2766
Calculate the highest common divisor of 390 and 30904302.
78
Calculate the highest common divisor of 13345 and 1028350.
785
What is the highest common divisor of 1444627 and 59075?
139
Calculate the greatest common divisor of 6293623 and 861.
287
Calculate the greatest common factor of 216 and 51366408.
24
What is the greatest common divisor of 197970 and 2535?
15
Calculate the highest common factor of 7945614 and 4374.
486
What is the greatest common divisor of 3107460 and 3216?
804
What is the greatest common divisor of 2065011560 and 40?
40
Calculate the highest common factor of 468 and 2445924.
156
What is the highest common factor of 280991 and 286235?
437
Calculate the highest common divisor of 466 and 174917527.
233
What is the highest common divisor of 21257 and 53070?
29
What is the highest common divisor of 95302 and 3030?
2
What is the greatest common factor of 91 and 2524223?
13
Calculate the greatest common factor of 15465 and 135.
15
Calculate the greatest common factor of 7480 and 349569385.
935
Calculate the greatest common divisor of 2414016 and 36.
36
What is the greatest common divisor of 60912045 and 178?
89
What is the greatest common divisor of 7249232 and 3312?
368
What is the highest common divisor of 5238 and 159828840?
1746
Calculate the greatest common divisor of 268 and 219438668.
268
What is the greatest common factor of 1311 and 228456?
57
What is the greatest common divisor of 112 and 11331376?
112
Calculate the highest common factor of 1400921 and 713.
31
What is the highest common factor of 5712 and 7962256?
272
What is the highest common factor of 21429182 and 436?
218
What is the highest common divisor of 175870530 and 90?
90
What is the greatest common divisor of 18403 and 4896871?
1673
Calculate the greatest common divisor of 1431 and 2560695.
159
Calculate the greatest common divisor of 31788 and 29826.
18
What is the greatest common divisor of 6412 and 40437278?
3206
What is the highest common factor of 14 and 19445034?
14
What is the highest common factor of 13599 and 9360?
9
What is the greatest common divisor of 69776 and 404152?
392
What is the highest common factor of 108 and 1426000?
4
What is the highest common factor of 33443246 and 1202?
1202
What is the highest common divisor of 228 and 681780?
12
Calculate the highest common divisor of 1300 and 191650.
50
Calculate the highest common divisor of 32712129 and 36.
9
Calculate the highest common factor of 98 and 140940.
2
What is the greatest common divisor of 335963113 and 1021?
1021
What is the greatest common divisor of 7327262 and 8126?
478
Calculate the highest common factor of 25449 and 132710547.
1497
Calculate the highest common divisor of 182496 and 298128.
48
Calculate the highest common divisor of 132847 and 22.
11
What is the highest common factor of 1156 and 2829656?
4
What is the highest common divisor of 4911351 and 5865?
1173
Calculate the highest common factor of 2892625 and 39055.
365
What is the highest common factor of 263274176 and 616?
88
Calculate the greatest common factor of 3130 and 13641479.
313
Calculate the greatest common divisor of 39081 and 1352189573.
13027
What is the highest common divisor of 48 and 9156272?
16
What is the highest common factor of 1372 and 6411598844?
1372
Calculate the highest common factor of 4160 and 83480.
40
What is the highest common factor of 20841 and 1284?
3
What is the highest common divisor of 282372 and 1428?
12
What is the greatest common divisor of 7412793 and 270579?
2679
Calculate the greatest common divisor of 5742874 and 93.
31
What is the greatest common factor of 25519 and 200603?
169
What is the greatest common divisor of 7337 and 19529323?
253
What is the greatest common divisor of 80 and 31197680?
80
Calculate the highest common factor of 170615 and 245.
5
What is the h